) - (-17 - -17). Let g be p(o). What is the greatest common factor of g and y?
4
Let d(s) = 4*s - 21. Let b be d(7). Let g(c) = 3*c**2 + 7. Let f be g(b). Calculate the greatest common factor of f and 44.
22
Suppose -5*j = -4*l + 17622 - 110338, 5*j = -4*l + 92724. What is the highest common factor of 114 and j?
38
Let j = 36 - 28. Let u(o) = 2*o**2 + 64*o - 58. Let n be u(-33). What is the greatest common divisor of n and j?
8
Suppose i + 740 + 2421 = 2*w, -i + 6343 = 4*w. What is the highest common divisor of 54 and w?
18
Let b be (-2)/(-4)*((9 - -5) + -12). Let w(m) = m**2 - 6*m + 8. Let h be w(6). Suppose -i = -0*i - h. What is the greatest common factor of b and i?
1
Let f(s) = 75*s**2 - 11*s + 4. Let g be f(5). What is the greatest common factor of g and 1482?
114
Suppose 3*v + 7*v - 969 = -7*v. What is the greatest common divisor of v and 228?
57
Let d be 2/4*88/2. Let b(j) = -85*j**2 + 1587*j + 8. Let q be b(18). What is the highest common divisor of d and q?
22
Suppose r = -2*j + 180, 14*r - 549 = 11*r + 3*j. What is the greatest common factor of r and 322?
14
Suppose 6*k - k + 3*o = 73, -o + 30 = 2*k. What is the highest common divisor of k and 119?
17
Let r(y) = -39*y + 1450. Let u be r(37). Calculate the highest common factor of u and 2443.
7
Suppose 15 = -5*w + 2*w. Suppose 7396 = -89*y + 1174 - 5615. Let x be y/w + 12/30. What is the greatest common factor of x and 27?
27
Let v be (-6)/4*(-406)/21. Let l be (-3936)/(-224) - 6/(-14). Let w = v - l. What is the highest common divisor of 55 and w?
11
Suppose -52*q = 5*q - 14286 - 9312. What is the highest common divisor of 598 and q?
46
Let g be ((-25)/2)/(407/(-2442)). Calculate the highest common factor of 96 and g.
3
Let i = -9947 + 10083. Let k(d) = d**2 - d + 8. Let v be k(0). What is the highest common factor of v and i?
8
Let r = -440 + 443. Let z(u) = 44*u**2 + 17*u + 4. Let m be z(r). Calculate the greatest common divisor of m and 11.
11
Suppose -5*b = -10, -396*d + 4*b + 11752 = -394*d. Calculate the greatest common factor of d and 10.
10
Let r = -53 - -243. Let l = r + -186. Calculate the highest common factor of l and 2.
2
Let h = -7408 + 12308. What is the greatest common divisor of h and 28?
28
Let g(a) = a**3 - 5*a**2 - 7*a + 6. Let w be g(6). Suppose w = -2*h + 131 - 17. Let l = h - 49. What is the greatest common factor of 56 and l?
8
Let a be (1242/36)/(-23) + 1/(4/90). What is the greatest common factor of 219 and a?
3
Suppose f = -4*n - 0*n + 58, -6 = -2*n. Let x be 3435/30 + (-3)/(-12)*2. Calculate the highest common factor of x and f.
23
Let r(p) = 32*p + 334. Let w be r(81). Calculate the greatest common factor of w and 308.
154
Suppose 0 = -35*d - 1991 + 451. Let k be (-1524)/(-27) - d/(-99). Let r be 8/4 + 222*1. What is the highest common factor of k and r?
56
Let f = -367 - -403. Let y = -19 - -23. What is the highest common divisor of y and f?
4
Let p be (-2 + 23)/((-42)/(-84)). What is the highest common factor of 154 and p?
14
Suppose -12*z = -18*z - 42. Let x(p) = p**3 + 8*p**2 + 4*p - 11. Let c be x(z). What is the greatest common factor of c and 90?
10
Let a(z) = z**3 - 7*z - 24. Let u be a(5). Suppose -u*o = -67*o + 22. Calculate the highest common factor of 638 and o.
22
Suppose -u + 124 = -146. Let g = 313078 - 312958. What is the greatest common divisor of g and u?
30
Suppose -y + 17 - 63 = 0. Let p = y + 45. Let a be 64/(-4)*(p + -7). What is the highest common divisor of a and 16?
16
Suppose 22 + 42 = 2*x. Suppose -18*s - 6 = -42. Let t(q) = 2*q**2 + 6*q + 4. Let y be t(s). What is the highest common divisor of y and x?
8
Suppose 2*h - 7504 = -2*m, 5*m - 2*h + 5863 - 24679 = 0. Calculate the highest common divisor of m and 960.
80
Let b be (-3)/((-240)/141328) + 14/10. Calculate the highest common factor of 12 and b.
4
Let f be (-1 - 5) + (-3 + 13 - -41). What is the greatest common factor of f and 4410?
45
Suppose -3*z - 5*v = -671, -4*z - 4*v + 3*v + 889 = 0. What is the greatest common divisor of z and 6?
6
Suppose -4*b = -3*p + 48 + 8 + 18, 46*b = 184. Let y(g) = 9*g**2 + g + 2. Let k be y(4). What is the highest common divisor of k and p?
30
Let b(p) = 27*p - 241. Let z be b(13). Let u(i) = -i**2 - 2*i - 1. Let r be u(-3). Let t be 24 + (r - -3) + -1. Calculate the greatest common factor of t and z.
22
Suppose 5*t = -5*a + 200, 3*t + 4*a = 197 - 75. Calculate the highest common divisor of t and 304.
38
Let x(h) = -6*h**3 + 83*h**2 - 63*h + 30. Let r be x(12). What is the greatest common factor of 624 and r?
78
Let s = -138 - -191. Let o = -2 + s. Calculate the highest common factor of o and 408.
51
Let p(g) = 14*g + 1. Let b be p(1). Suppose 5826 = 22*k - 444. Calculate the greatest common divisor of k and b.
15
Let g = 66 + -48. Let z be (-42)/(-9) - (-6)/g. Let v be z/(-1) + 64/2. Calculate the highest common factor of v and 27.
27
Suppose -42*h = 47*h - 90*h + 45. Calculate the highest common factor of 27 and h.
9
Suppose -5*v + 4097 = -251 - 2692. What is the greatest common factor of 374 and v?
22
Let s be 0 - (1 - 16) - -1. Let j(z) = -z**3 - 20*z**2 + 28*z - 324. Let p be j(-22). Calculate the greatest common factor of p and s.
4
Let j(o) = -5050*o - 13. Let n be j(-1). Calculate the highest common divisor of 69 and n.
69
Let a(y) = -y**2 + 12*y + 48. Let q be a(15). Suppose -2*c = -2, q*c = 5*r - 2*c. What is the highest common factor of 23 and r?
1
Suppose 446 - 1432 = -29*u. Suppose 2*b - 3*w + 46 - 395 = 0, 3*w + 519 = 3*b. Calculate the greatest common factor of u and b.
34
Suppose -3*l - 3*y = 9 - 18, 10 = -5*y. Suppose 5*a + l - 45 = 0. Let z = -12 + 13. What is the highest common divisor of a and z?
1
Let j be 20/60 - (-2 - 740/12). What is the highest common factor of 224 and j?
32
Suppose 17*v - 30*v + 65 = 0. Suppose -168 = -5*n - m, v*n - n - 5*m - 146 = 0. Let c = n - 26. What is the highest common factor of c and 24?
8
Let c(n) = -5*n**3 + n**2 - 1. Let o be c(-1). Let v(m) = m**3 + 176*m**2 + 7170*m + 259. Let b be v(-112). What is the greatest common divisor of o and b?
5
Let w be (-2 - ((-3)/(-12) - 2))*-12. Suppose w*i - 2*a = 66 - 4, -3*i = a - 50. What is the greatest common factor of i and 162?
18
Let b = -980 - -543. Let q = b - -569. What is the greatest common factor of 176 and q?
44
Suppose 4 = -4*a, -m - 5*a = -2*a + 53. Let k = 215 + m. Let g be (-2)/(2/3)*-5. Calculate the greatest common factor of g and k.
15
Let k(q) = 10 + 2*q + 1248*q**2 - 2488*q**2 + 1256*q**2. Let n be k(-4). Calculate the greatest common divisor of n and 6.
6
Let l = 32 + -4. Let z(m) = -m**2 - 11*m - 17. Suppose 0 = 2*q + 4*q + 18. Let t be z(q). Calculate the greatest common divisor of t and l.
7
Let d = 706 + -676. Let r be 6 + d/((-100)/10). Calculate the greatest common divisor of 8 and r.
1
Let g(b) = -b**3 + 23*b**2 + b - 23. Let i be g(23). Suppose i = -8*u - u + 81. Calculate the highest common divisor of 153 and u.
9
Let x(c) = -c**2 - 9*c + 7. Let m be x(-8). Let o(k) = k**2 - 15*k + 27. Let u be o(m). Calculate the highest common factor of 351 and u.
27
Let d = 87 - 81. Let t be 4 + 2 + -1 - (d + -5). Calculate the highest common divisor of 7 and t.
1
Let x be (24 + 0)*126/(-36). Let i be ((-294)/(-8))/((15/x)/(-5)). Calculate the greatest common factor of 21 and i.
21
Let w = 23 + 5. Let c be (-6 + (4 - 311))*-1. Suppose -c = -6*t - 61. Calculate the highest common factor of t and w.
14
Suppose 31*j = 6898 + 3715 + 4019. What is the highest common divisor of 168 and j?
8
Let r = -107 - -113. Suppose -r*x = -40 + 16. Calculate the highest common factor of 148 and x.
4
Let l(m) = m**3 + 12*m**2 + 17*m + 10. Let f be l(-10). Suppose -3*h + o = -1080, 5*h + 19*o = 15*o + 1800. What is the highest common factor of h and f?
40
Let n = 167 - 158. Let t(q) = -2*q**2 + 21*q + 22. Let x be t(n). Suppose -5*y + 27 + 14 = 3*v, 0 = 5*v - y - 31. What is the greatest common factor of x and v?
7
Suppose -2*d = -3*k + 337, 2*k - 3*d = -7*d + 230. Suppose k = 3*v - 535. What is the greatest common factor of v and 27?
27
Suppose -2*q = 3*a - 107, 97 = 2*a + a + 4*q. Suppose -3*g + 145 - 86 = -97. What is the greatest common divisor of a and g?
13
Let x(g) = -64*g - 1365. Let p be x(-25). Let a be (8 - -69) + (-1 - 2). Let o = 168 -